 0 = f*h - 4*d - 8, 2*h + 0*h = -3*d + 1. List the prime factors of h/(-10) - (-255)/25.
2, 5
Suppose -2*g + 0 + 4 = 0. What are the prime factors of -4 - (-1 + g + -54)?
7
Suppose 3*v - 17 - 1 = 0. Let s(o) = 3*o - 2. What are the prime factors of s(v)?
2
Let k(m) be the second derivative of m**5/20 - m**4/3 - m**3 - 2*m**2 - 4*m. What are the prime factors of k(6)?
2
Let i = -212 - -310. List the prime factors of i.
2, 7
Let b be (-6)/(-2)*(-6)/18. Suppose 2 = -p - 9. Let z = b - p. What are the prime factors of z?
2, 5
Let b = 266 - 157. What are the prime factors of b?
109
Suppose -4*j + 4*l = 0, -6 = -j - j - l. Suppose 0 = -3*f + 4*z + 88, f - j*z = -4*f + 128. List the prime factors of f.
2, 3
Suppose 6*h = 8*h - 176. What are the prime factors of h?
2, 11
Let u(a) = a**3 + 10*a**2 + 10*a + 6. What are the prime factors of u(-8)?
2, 3
Suppose 6*t - 8085 = -15*t. What are the prime factors of t?
5, 7, 11
Let n(y) = y. Let a(f) = 8*f - 3. Let o(q) = -a(q) + 6*n(q). What are the prime factors of o(-5)?
13
Let m = -7 - -11. Let s(q) = 2*q**2 - 1. Let l be s(1). List the prime factors of (m*3 + 0)/l.
2, 3
Let j = 3 + -7. What are the prime factors of j/6 + 40/6?
2, 3
Let d be (-12)/3*15/(-12). Let k be d/(-20) - (-9)/4. Let i = 9 + k. What are the prime factors of i?
11
Suppose -32 - 19 = -3*r. What are the prime factors of r?
17
Let w(j) = j**3 - 3*j**2 - 6*j - 4. Suppose 0 = 2*s - 6 - 4. What are the prime factors of w(s)?
2
List the prime factors of ((-231)/(-28))/(1/12).
3, 11
Let k(s) = 12 - s + 2*s + 3. What are the prime factors of k(-7)?
2
Let q = 7 - 6. What are the prime factors of q - 1 - (-14 - -3)?
11
Suppose 3*g - 29 = -0*g - 2*a, 3*a - 40 = -4*g. Suppose -2*w = -g*w + 105. List the prime factors of w.
3, 7
Let r = -12 - -20. Let c = r - 5. Suppose -h = -7*t + c*t - 12, 2*t + 16 = 3*h. What are the prime factors of h?
2
Suppose -l + 8 = l. Suppose -l*j + 7*j = 159. List the prime factors of j.
53
Let m(i) be the second derivative of -i**4/12 + 15*i**2/2 + 2*i. List the prime factors of m(0).
3, 5
Let z = 27 + -6. What are the prime factors of z?
3, 7
Suppose -66 = 4*b + 62. Let m(h) = 2*h**2 + 6*h - 2. Let u be m(-7). Let f = u + b. What are the prime factors of f?
2, 11
Let c be (-3)/(-2)*(-48)/18. Let t = 7 + c. Suppose t*y = -y + 32. What are the prime factors of y?
2
Let j be -2*(0 - (3 - 2)). Suppose 2*r + 8 = 5*w - j*w, r + 3 = w. Suppose w*k - 6*k + 44 = 0. List the prime factors of k.
11
Let k = 67 + -22. List the prime factors of k.
3, 5
List the prime factors of (-2 - -21)/(0 + 1).
19
Let w be (2/1)/((-6)/(-9)). Suppose 0 = -3*y + c + 33, -w*y = -0*y - 4*c - 24. What are the prime factors of y?
2, 3
Suppose 3*j - 2*s = -13 + 1, -j + 13 = 5*s. Let c be j/(-10) - 252/10. Let b = c + 37. What are the prime factors of b?
2, 3
Let a be -2*3*(-15)/10. Let g = a - -6. Let r = 25 - g. What are the prime factors of r?
2, 5
Let k(m) = 7*m**2 - 2*m**2 + 5*m**3 - 6*m**2. Let b be (-2)/6 - 8/(-6). List the prime factors of k(b).
2
Let p = -16 - -38. Suppose t + 7 = 2*t - 5*y, -4*t - 5*y - p = 0. Let a = 11 - t. List the prime factors of a.
2, 7
Let w(x) = -5*x**3 + 13*x**2 + 8*x + 4. Let s(f) = f**3 + f + 1. Let l(q) = -6*s(q) - w(q). List the prime factors of l(-12).
2, 7
Suppose q - 42 = 35. What are the prime factors of q?
7, 11
Let o(f) be the first derivative of 1/2*f**2 + 2 + 11*f. What are the prime factors of o(-8)?
3
Let r = 0 + 5. Suppose -u + r = 2*t - 16, -3*u - 9 = -3*t. What are the prime factors of t?
2
Let p(g) = g**3 + 9*g**2 - 2*g + 1. What are the prime factors of p(3)?
103
Suppose 8*b - 552 = -0*b. What are the prime factors of b?
3, 23
Let u(f) = 2*f - 5. Let i be u(9). Suppose -4 = d - i. Let o = d - 2. What are the prime factors of o?
7
Suppose 11*s - 8*s = 18. Suppose 19 = s*q - 191. What are the prime factors of q?
5, 7
Suppose -4 = 2*c - 2*r, -2*r + 8 + 0 = 0. Let i(x) be the first derivative of 3*x**2/2 - 3*x + 4. List the prime factors of i(c).
3
Suppose 0 = 3*t + 2*k - 121, 0 = -6*t + 3*t + 2*k + 125. List the prime factors of t.
41
Let d(t) = -t**2 - 8*t - 7. Let b be d(-6). Suppose 26 = b*c - 3*l, 3*c - 18 = l - 0*l. What are the prime factors of c?
7
Suppose 4*u + 2*q - 760 = 0, u + q + 2*q - 190 = 0. List the prime factors of u.
2, 5, 19
What are the prime factors of (0 - 15/4)/((-3)/128)?
2, 5
Let g = 52 + 51. List the prime factors of g.
103
What are the prime factors of (-16)/(-4)*42/8?
3, 7
Let i = 26 - 10. What are the prime factors of i?
2
Let z(p) = 3*p - 1. Let o be z(-2). Let t = o - -34. Suppose -6*i + t = m - 2*i, -2*i + 21 = m. What are the prime factors of m?
3, 5
What are the prime factors of (102/6)/(3/6)?
2, 17
Let u be 1 + -8 - (-2)/1. Let t be (-22)/u - (-4)/(-10). Suppose -34 = -3*a - 5*s - 11, s + 23 = t*a. What are the prime factors of a?
2, 3
Suppose -2*j - 3*k + 6*k + 5 = 0, k = -j + 10. Let y(z) = -z**2 + 12*z + 2. List the prime factors of y(j).
37
Suppose -g + 2*g - 12 = 0. Suppose -2*i + 6 = -g. List the prime factors of i.
3
Suppose 0 = 4*l - 12, 3*l = -m + 5 + 6. Let y be m/4 + 45/(-10). Let d(q) = -q**2 - 6*q + 1. List the prime factors of d(y).
3
Suppose 3*p - 1 = -5*t, 2*p + 5*t - 3 + 4 = 0. Let r(i) = 5*i - 1. List the prime factors of r(p).
3
Let c = 1 - 0. Let a = 3 + c. Suppose p = a*l - 5*l + 18, -3*l - 24 = -3*p. What are the prime factors of p?
13
Let k(w) = 2*w**3 - 3*w**2 + 2*w - 1. Let p = 0 - 0. Suppose 3*r + 1 - 7 = p. List the prime factors of k(r).
7
Let f(n) = n**3 - 7*n**2 - 25*n + 13. List the prime factors of f(11).
2, 3, 37
Suppose -19 = 3*k - 49. Let y = k - 5. Suppose -3*w = 6, -y*u = -u + 3*w - 30. What are the prime factors of u?
3
Let d(b) = b**2 + 7*b + 6. Let n(f) = -2*f + 6. Let k be n(6). Let u be d(k). Let i(g) = g**3 + g + 7. What are the prime factors of i(u)?
7
Let t(g) = g + 2. Let b = 1 - 1. Let d be t(b). Suppose -n + 2*n = -d*h + 4, -3*n - 12 = 0. List the prime factors of h.
2
Let m(w) = -2*w**3 + w**2 - 1. Let j be m(-1). Suppose t + j = -t. List the prime factors of (4 + (t - 1))*4.
2
Suppose -397 - 379 = -4*t + 5*h, 4*t - 776 = -h. List the prime factors of t.
2, 97
Suppose 27*l + 852 = 33*l. List the prime factors of l.
2, 71
Let r(g) = -5*g**2 - 14*g - 2. Let v(q) = 11*q**2 + 29*q + 4. Let m(z) = -13*r(z) - 6*v(z). Let y = 17 - 10. List the prime factors of m(y).
3
Suppose -2*l = -g + 106, 3*g - l = -6*l + 285. List the prime factors of g.
2, 5
Suppose 3*j + 2*j - 40 = 0. Suppose 0 = -3*f + j*f - 135. List the prime factors of f.
3
Let m be 28/(5 - (2 - -1)). Let r = -4 + m. List the prime factors of r.
2, 5
Suppose 18*b + 305 = 23*b. What are the prime factors of b?
61
Let b be 29 + (-3 - 0)*-1. Suppose 2*z + 0*z - b = 0. What are the prime factors of z?
2
List the prime factors of -105*(4 - (-69)/(-15)).
3, 7
Suppose -5*c - 414 = -8*c. What are the prime factors of c?
2, 3, 23
Suppose -o - 3*o + 62 = 2*j, 35 = j - 2*o. List the prime factors of j.
3, 11
Let n = 1086 - 1590. List the prime factors of n/(-35) - 3/(-5).
3, 5
Let l(r) = r**3 - 6*r**2 + 5*r - 12. Let q be l(6). Let t = 4 + q. What are the prime factors of t?
2, 11
Let p(n) = 7*n - 4*n + 6*n - 2*n**2 + 3*n**2 + 6. What are the prime factors of p(-9)?
2, 3
Let t(z) = z**2 - 9*z - 16. List the prime factors of t(11).
2, 3
Suppose 0 = -2*j - 0*j + 96. List the prime factors of j.
2, 3
Let x be (2*1)/(6/12). Let j = x + -12. Let r = j + 17. What are the prime factors of r?
3
Let f(b) = -4*b - b + 2*b + 0*b + 2. List the prime factors of f(-5).
17
Let a be 6/(-4)*64/(-12). Suppose -51 - 18 = -3*s. Let j = s - a. List the prime factors of j.
3, 5
Let y(o) = -o**2 + 12*o - 12. Let m be y(8). Suppose -k = 4*k + m. List the prime factors of 40/25 + k/(-10).
2
Let u(f) be the second derivative of -f**6/360 - f**5/20 - f**4/12 - f**3/3 - f. Let n(s) be the second derivative of u(s). List the prime factors of n(-5).
3
Let j be (-4 - -5)/(3 - 2). List the prime factors of (16/(-1 + 2))/j.
2
Let u(s) = 0*s + 12*s**2 - 2*s + 1 + 0*s**2. What are the prime factors of u(1)?
11
Let r = 87 + -7. What are the prime factors of 4/10*(r + 0)?
2
Suppose -4*y + 3*y - x = -178, -3*y = -2*x - 514. Let d = y - 117. What are the prime factors of d?
3, 19
Let r be (-4 + 5)/(1/4). Suppose